{"id":165,"date":"2013-07-30T15:03:13","date_gmt":"2013-07-30T13:03:13","guid":{"rendered":"http:\/\/weihnachtsfeier-planer.de\/wordpress\/?page_id=165"},"modified":"2016-10-26T14:05:43","modified_gmt":"2016-10-26T13:05:43","slug":"julklapp-wichteln","status":"publish","type":"page","link":"https:\/\/weihnachtsfeier-planer.de\/wordpress\/programm-ideen\/julklapp-wichteln\/","title":{"rendered":"Julklapp \/ Wichteln"},"content":{"rendered":"<p><span style=\"color: #888888;\"><img loading=\"lazy\" class=\"alignleft wp-image-643 \" src=\"https:\/\/weihnachtsfeier-planer.de\/wordpress\/wp-content\/uploads\/2013\/07\/weihnachtsfeier-planer_geschenk_paket_102-150x150.jpg\" alt=\"weihnachtsfeier-planer_geschenk_paket_102\" width=\"167\" height=\"167\" srcset=\"https:\/\/weihnachtsfeier-planer.de\/wordpress\/wp-content\/uploads\/2013\/07\/weihnachtsfeier-planer_geschenk_paket_102-150x150.jpg 150w, https:\/\/weihnachtsfeier-planer.de\/wordpress\/wp-content\/uploads\/2013\/07\/weihnachtsfeier-planer_geschenk_paket_102-50x50.jpg 50w, https:\/\/weihnachtsfeier-planer.de\/wordpress\/wp-content\/uploads\/2013\/07\/weihnachtsfeier-planer_geschenk_paket_102-144x144.jpg 144w, https:\/\/weihnachtsfeier-planer.de\/wordpress\/wp-content\/uploads\/2013\/07\/weihnachtsfeier-planer_geschenk_paket_102.jpg 200w\" sizes=\"(max-width: 167px) 100vw, 167px\" \/><br \/>\nDie Weihnachtsfeier Planer organisieren<\/span><span style=\"color: #888888;\"><img loading=\"lazy\" class=\"alignright wp-image-649 size-thumbnail\" src=\"https:\/\/weihnachtsfeier-planer.de\/wordpress\/wp-content\/uploads\/2013\/07\/weihnachtsfeier-planer_geschenk_paket_104-150x150.jpg\" width=\"150\" height=\"150\" srcset=\"https:\/\/weihnachtsfeier-planer.de\/wordpress\/wp-content\/uploads\/2013\/07\/weihnachtsfeier-planer_geschenk_paket_104-150x150.jpg 150w, https:\/\/weihnachtsfeier-planer.de\/wordpress\/wp-content\/uploads\/2013\/07\/weihnachtsfeier-planer_geschenk_paket_104-50x50.jpg 50w, https:\/\/weihnachtsfeier-planer.de\/wordpress\/wp-content\/uploads\/2013\/07\/weihnachtsfeier-planer_geschenk_paket_104-144x144.jpg 144w, https:\/\/weihnachtsfeier-planer.de\/wordpress\/wp-content\/uploads\/2013\/07\/weihnachtsfeier-planer_geschenk_paket_104.jpg 200w\" sizes=\"(max-width: 150px) 100vw, 150px\" \/><\/span><span style=\"color: #888888;\"> gern Ihrern Julklapp bzw. das Wichteln \u2013 wie es auch immer genannt wird \u2013 auf Ihrer Weihnachtsfeier.\u00a0 Ob anonym gezogen und pers\u00f6nliche Geschenke, alles in einem Sack und per Zufall verteilt \u2013 wir geben Ihnen Ideen und Mottos rund um den Julklapp und sie k\u00f6nnen ausw\u00e4hlen.\u00a0 Alles kann \/ wird von einem Moderator (oder DJ oder S\u00e4nger) moderiert und kommentiert.\u00a0 So erh\u00e4lt jede (r) sein exklusives Geschenk \u2013 samt Kommentar.<\/span><\/p>\n<p><span style=\"color: #888888;\">Beispielsweise ist es m\u00f6glich, dass jeder sein Geschenk erst nach einer Auff\u00fchrung, ob Gesang, Gedicht, Theater oder sportlicher Art erh\u00e4lt.\u00a0 Ausw\u00e4hlen darf das Publikum.\u00a0 Die gute Stimmung bei Ihrer Weihnachtsfeier ist vorprogrammiert.\u00a0\u00a0\u00a0\u00a0\u00a0\u00a0<\/span><\/p>\n<p style=\"text-align: center;\"><img loading=\"lazy\" class=\"size-medium wp-image-541 aligncenter\" src=\"https:\/\/weihnachtsfeier-planer.de\/wordpress\/wp-content\/uploads\/2013\/07\/weihnachtsfeier-planer_agentur-event-berlin-wichteln-julklapp-1-225x300.jpg\" alt=\"weihnachtsfeier-planer_agentur-event-berlin-wichteln-julklapp-1\" width=\"225\" height=\"300\" srcset=\"https:\/\/weihnachtsfeier-planer.de\/wordpress\/wp-content\/uploads\/2013\/07\/weihnachtsfeier-planer_agentur-event-berlin-wichteln-julklapp-1-225x300.jpg 225w, https:\/\/weihnachtsfeier-planer.de\/wordpress\/wp-content\/uploads\/2013\/07\/weihnachtsfeier-planer_agentur-event-berlin-wichteln-julklapp-1.jpg 333w\" sizes=\"(max-width: 225px) 100vw, 225px\" \/><\/p>\n","protected":false},"excerpt":{"rendered":"<p>Die Weihnachtsfeier Planer organisieren gern Ihrern Julklapp bzw. das Wichteln \u2013 wie es auch immer genannt wird \u2013 auf Ihrer Weihnachtsfeier.\u00a0 Ob anonym gezogen und pers\u00f6nliche Geschenke, alles in einem Sack und per Zufall verteilt \u2013 wir geben Ihnen Ideen und Mottos rund um den Julklapp und sie k\u00f6nnen ausw\u00e4hlen.\u00a0 Alles kann \/ wird von einem Moderator (oder DJ oder S\u00e4nger) moderiert und kommentiert.\u00a0 So erh\u00e4lt jede (r) sein exklusives Geschenk \u2013 samt Kommentar. Beispielsweise ist es m\u00f6glich, dass jeder sein Geschenk erst nach einer Auff\u00fchrung, ob Gesang, Gedicht, Theater oder sportlicher Art erh\u00e4lt.\u00a0 Ausw\u00e4hlen darf das Publikum.\u00a0 Die gute Stimmung bei Ihrer Weihnachtsfeier ist vorprogrammiert.\u00a0\u00a0\u00a0\u00a0\u00a0\u00a0<\/p>\n","protected":false},"author":1,"featured_media":0,"parent":77,"menu_order":0,"comment_status":"closed","ping_status":"closed","template":"tpl_fullwidth-page.php","meta":[],"yoast_head":"<!-- This site is optimized with the Yoast SEO plugin v19.8 - https:\/\/yoast.com\/wordpress\/plugins\/seo\/ -->\n<title>Julklapp \/ Wichteln - Weihnachtsfeier Planer Berlin<\/title>\n<meta name=\"robots\" content=\"index, follow, max-snippet:-1, max-image-preview:large, max-video-preview:-1\" \/>\n<link rel=\"canonical\" href=\"https:\/\/weihnachtsfeier-planer.de\/wordpress\/programm-ideen\/julklapp-wichteln\/\" \/>\n<meta property=\"og:locale\" content=\"de_DE\" \/>\n<meta property=\"og:type\" content=\"article\" \/>\n<meta property=\"og:title\" content=\"Julklapp \/ Wichteln - Weihnachtsfeier Planer Berlin\" \/>\n<meta property=\"og:description\" content=\"Die Weihnachtsfeier Planer organisieren gern Ihrern Julklapp bzw. das Wichteln \u2013 wie es auch immer genannt wird \u2013 auf Ihrer Weihnachtsfeier.\u00a0 Ob anonym gezogen und pers\u00f6nliche Geschenke, alles in einem Sack und per Zufall verteilt \u2013 wir geben Ihnen Ideen und Mottos rund um den Julklapp und sie k\u00f6nnen ausw\u00e4hlen.\u00a0 Alles kann \/ wird von einem Moderator (oder DJ oder S\u00e4nger) moderiert und kommentiert.\u00a0 So erh\u00e4lt jede (r) sein exklusives Geschenk \u2013 samt Kommentar. Beispielsweise ist es m\u00f6glich, dass jeder sein Geschenk erst nach einer Auff\u00fchrung, ob Gesang, Gedicht, Theater oder sportlicher Art erh\u00e4lt.\u00a0 Ausw\u00e4hlen darf das Publikum.\u00a0 Die gute Stimmung bei Ihrer Weihnachtsfeier ist vorprogrammiert.\u00a0\u00a0\u00a0\u00a0\u00a0\u00a0\" \/>\n<meta property=\"og:url\" content=\"https:\/\/weihnachtsfeier-planer.de\/wordpress\/programm-ideen\/julklapp-wichteln\/\" \/>\n<meta property=\"og:site_name\" content=\"Weihnachtsfeier Planer Berlin\" \/>\n<meta property=\"article:modified_time\" content=\"2016-10-26T13:05:43+00:00\" \/>\n<meta property=\"og:image\" content=\"http:\/\/weihnachtsfeier-planer.de\/wordpress\/wp-content\/uploads\/2013\/07\/weihnachtsfeier-planer_geschenk_paket_102-150x150.jpg\" \/>\n<meta name=\"twitter:label1\" content=\"Gesch\u00e4tzte Lesezeit\" \/>\n\t<meta name=\"twitter:data1\" content=\"1\u00a0Minute\" \/>\n<script type=\"application\/ld+json\" class=\"yoast-schema-graph\">{\"@context\":\"https:\/\/schema.org\",\"@graph\":[{\"@type\":\"WebPage\",\"@id\":\"https:\/\/weihnachtsfeier-planer.de\/wordpress\/programm-ideen\/julklapp-wichteln\/\",\"url\":\"https:\/\/weihnachtsfeier-planer.de\/wordpress\/programm-ideen\/julklapp-wichteln\/\",\"name\":\"Julklapp \/ Wichteln - Weihnachtsfeier Planer Berlin\",\"isPartOf\":{\"@id\":\"https:\/\/weihnachtsfeier-planer.de\/wordpress\/#website\"},\"datePublished\":\"2013-07-30T13:03:13+00:00\",\"dateModified\":\"2016-10-26T13:05:43+00:00\",\"breadcrumb\":{\"@id\":\"https:\/\/weihnachtsfeier-planer.de\/wordpress\/programm-ideen\/julklapp-wichteln\/#breadcrumb\"},\"inLanguage\":\"de\",\"potentialAction\":[{\"@type\":\"ReadAction\",\"target\":[\"https:\/\/weihnachtsfeier-planer.de\/wordpress\/programm-ideen\/julklapp-wichteln\/\"]}]},{\"@type\":\"BreadcrumbList\",\"@id\":\"https:\/\/weihnachtsfeier-planer.de\/wordpress\/programm-ideen\/julklapp-wichteln\/#breadcrumb\",\"itemListElement\":[{\"@type\":\"ListItem\",\"position\":1,\"name\":\"Startseite\",\"item\":\"https:\/\/weihnachtsfeier-planer.de\/wordpress\/\"},{\"@type\":\"ListItem\",\"position\":2,\"name\":\"Programm \/ Ideen\",\"item\":\"https:\/\/weihnachtsfeier-planer.de\/wordpress\/programm-ideen\/\"},{\"@type\":\"ListItem\",\"position\":3,\"name\":\"Julklapp \/ Wichteln\"}]},{\"@type\":\"WebSite\",\"@id\":\"https:\/\/weihnachtsfeier-planer.de\/wordpress\/#website\",\"url\":\"https:\/\/weihnachtsfeier-planer.de\/wordpress\/\",\"name\":\"Weihnachtsfeier Planer Berlin\",\"description\":\"Auf eine wunderbare Weihnachtsfeier in Berlin\",\"potentialAction\":[{\"@type\":\"SearchAction\",\"target\":{\"@type\":\"EntryPoint\",\"urlTemplate\":\"https:\/\/weihnachtsfeier-planer.de\/wordpress\/?s={search_term_string}\"},\"query-input\":\"required name=search_term_string\"}],\"inLanguage\":\"de\"}]}<\/script>\n<!-- \/ Yoast SEO plugin. -->","yoast_head_json":{"title":"Julklapp \/ Wichteln - Weihnachtsfeier Planer Berlin","robots":{"index":"index","follow":"follow","max-snippet":"max-snippet:-1","max-image-preview":"max-image-preview:large","max-video-preview":"max-video-preview:-1"},"canonical":"https:\/\/weihnachtsfeier-planer.de\/wordpress\/programm-ideen\/julklapp-wichteln\/","og_locale":"de_DE","og_type":"article","og_title":"Julklapp \/ Wichteln - Weihnachtsfeier Planer Berlin","og_description":"Die Weihnachtsfeier Planer organisieren gern Ihrern Julklapp bzw. das Wichteln \u2013 wie es auch immer genannt wird \u2013 auf Ihrer Weihnachtsfeier.\u00a0 Ob anonym gezogen und pers\u00f6nliche Geschenke, alles in einem Sack und per Zufall verteilt \u2013 wir geben Ihnen Ideen und Mottos rund um den Julklapp und sie k\u00f6nnen ausw\u00e4hlen.\u00a0 Alles kann \/ wird von einem Moderator (oder DJ oder S\u00e4nger) moderiert und kommentiert.\u00a0 So erh\u00e4lt jede (r) sein exklusives Geschenk \u2013 samt Kommentar. Beispielsweise ist es m\u00f6glich, dass jeder sein Geschenk erst nach einer Auff\u00fchrung, ob Gesang, Gedicht, Theater oder sportlicher Art erh\u00e4lt.\u00a0 Ausw\u00e4hlen darf das Publikum.\u00a0 Die gute Stimmung bei Ihrer Weihnachtsfeier ist vorprogrammiert.\u00a0\u00a0\u00a0\u00a0\u00a0\u00a0","og_url":"https:\/\/weihnachtsfeier-planer.de\/wordpress\/programm-ideen\/julklapp-wichteln\/","og_site_name":"Weihnachtsfeier Planer Berlin","article_modified_time":"2016-10-26T13:05:43+00:00","og_image":[{"url":"http:\/\/weihnachtsfeier-planer.de\/wordpress\/wp-content\/uploads\/2013\/07\/weihnachtsfeier-planer_geschenk_paket_102-150x150.jpg"}],"twitter_misc":{"Gesch\u00e4tzte Lesezeit":"1\u00a0Minute"},"schema":{"@context":"https:\/\/schema.org","@graph":[{"@type":"WebPage","@id":"https:\/\/weihnachtsfeier-planer.de\/wordpress\/programm-ideen\/julklapp-wichteln\/","url":"https:\/\/weihnachtsfeier-planer.de\/wordpress\/programm-ideen\/julklapp-wichteln\/","name":"Julklapp \/ Wichteln - Weihnachtsfeier Planer Berlin","isPartOf":{"@id":"https:\/\/weihnachtsfeier-planer.de\/wordpress\/#website"},"datePublished":"2013-07-30T13:03:13+00:00","dateModified":"2016-10-26T13:05:43+00:00","breadcrumb":{"@id":"https:\/\/weihnachtsfeier-planer.de\/wordpress\/programm-ideen\/julklapp-wichteln\/#breadcrumb"},"inLanguage":"de","potentialAction":[{"@type":"ReadAction","target":["https:\/\/weihnachtsfeier-planer.de\/wordpress\/programm-ideen\/julklapp-wichteln\/"]}]},{"@type":"BreadcrumbList","@id":"https:\/\/weihnachtsfeier-planer.de\/wordpress\/programm-ideen\/julklapp-wichteln\/#breadcrumb","itemListElement":[{"@type":"ListItem","position":1,"name":"Startseite","item":"https:\/\/weihnachtsfeier-planer.de\/wordpress\/"},{"@type":"ListItem","position":2,"name":"Programm \/ Ideen","item":"https:\/\/weihnachtsfeier-planer.de\/wordpress\/programm-ideen\/"},{"@type":"ListItem","position":3,"name":"Julklapp \/ Wichteln"}]},{"@type":"WebSite","@id":"https:\/\/weihnachtsfeier-planer.de\/wordpress\/#website","url":"https:\/\/weihnachtsfeier-planer.de\/wordpress\/","name":"Weihnachtsfeier Planer Berlin","description":"Auf eine wunderbare Weihnachtsfeier in Berlin","potentialAction":[{"@type":"SearchAction","target":{"@type":"EntryPoint","urlTemplate":"https:\/\/weihnachtsfeier-planer.de\/wordpress\/?s={search_term_string}"},"query-input":"required name=search_term_string"}],"inLanguage":"de"}]}},"_links":{"self":[{"href":"https:\/\/weihnachtsfeier-planer.de\/wordpress\/wp-json\/wp\/v2\/pages\/165"}],"collection":[{"href":"https:\/\/weihnachtsfeier-planer.de\/wordpress\/wp-json\/wp\/v2\/pages"}],"about":[{"href":"https:\/\/weihnachtsfeier-planer.de\/wordpress\/wp-json\/wp\/v2\/types\/page"}],"author":[{"embeddable":true,"href":"https:\/\/weihnachtsfeier-planer.de\/wordpress\/wp-json\/wp\/v2\/users\/1"}],"replies":[{"embeddable":true,"href":"https:\/\/weihnachtsfeier-planer.de\/wordpress\/wp-json\/wp\/v2\/comments?post=165"}],"version-history":[{"count":11,"href":"https:\/\/weihnachtsfeier-planer.de\/wordpress\/wp-json\/wp\/v2\/pages\/165\/revisions"}],"predecessor-version":[{"id":703,"href":"https:\/\/weihnachtsfeier-planer.de\/wordpress\/wp-json\/wp\/v2\/pages\/165\/revisions\/703"}],"up":[{"embeddable":true,"href":"https:\/\/weihnachtsfeier-planer.de\/wordpress\/wp-json\/wp\/v2\/pages\/77"}],"wp:attachment":[{"href":"https:\/\/weihnachtsfeier-planer.de\/wordpress\/wp-json\/wp\/v2\/media?parent=165"}],"curies":[{"name":"wp","href":"https:\/\/api.w.org\/{rel}","templated":true}]}}