{"id":266,"date":"2013-07-30T17:01:07","date_gmt":"2013-07-30T15:01:07","guid":{"rendered":"http:\/\/www.weihnachtsfeier-planer.de\/?page_id=266"},"modified":"2013-07-30T17:05:47","modified_gmt":"2013-07-30T15:05:47","slug":"partner-freunde","status":"publish","type":"page","link":"https:\/\/weihnachtsfeier-planer.de\/wordpress\/partner-freunde\/","title":{"rendered":"Partner &#038; Freunde"},"content":{"rendered":"<p><span style=\"color: #888888;\"><img loading=\"lazy\" class=\"size-full wp-image-269 alignleft\" alt=\"partner_266\" src=\"https:\/\/weihnachtsfeier-planer.de\/wordpress\/wp-content\/uploads\/2013\/07\/partner_266.jpg\" width=\"130\" height=\"159\" \/>Das ist eine Auswahl unserer Partner mit denen wir seit langen erfolgreich und sehr gern zusammen.<\/span><\/p>\n<p><span style=\"color: #888888;\">Um Ihre Weihnachtsfeier zu einem vollen Erfolg werden zu lassen \u2013 arbeiten wir mit Partnern zusammen.\u00a0 Auf alle unsere Partner k\u00f6nnen wir uns zu 100% verlassen, denn wir arbeiten nur mit Profis und Spezialisten zusammen.\u00a0 Mit allen haben wir lange Erfahrung und geben unseren Partnern und Freunde das wichtigste was wir haben:<\/span><br \/>\n<span style=\"color: #888888;\"> Unser Vertrauen und uns unsere Kunden.<\/span><\/p>\n<p><span style=\"color: #888888;\"><img loading=\"lazy\" class=\"size-medium wp-image-270 alignleft\" alt=\"logo_luck\" src=\"https:\/\/weihnachtsfeier-planer.de\/wordpress\/wp-content\/uploads\/2013\/07\/logo_luck-300x85.jpg\" width=\"118\" height=\"33\" srcset=\"https:\/\/weihnachtsfeier-planer.de\/wordpress\/wp-content\/uploads\/2013\/07\/logo_luck-300x85.jpg 300w, https:\/\/weihnachtsfeier-planer.de\/wordpress\/wp-content\/uploads\/2013\/07\/logo_luck.jpg 350w\" sizes=\"(max-width: 118px) 100vw, 118px\" \/>Die Firma LUCK Light &amp; Sound ist seit 1990 im Bereich der Veranstaltungstechnik t\u00e4tig. In den vergangen Jahren ist sie kontinuierlich gewachsen und arbeitet in ganz Deutschland. Im Mittelpunkt stehen dabei immer Ihre W\u00fcnsche und Vorstellungen. Von der ersten Idee bis zur perfekten Realisierung liegt alles in der Hand eines starken, professionellen Teams. So k\u00f6nnen Kundenw\u00fcnsche und Ideen unkompliziert und \u00fcberzeugend umgesetzt werden.<\/span><\/p>\n<p><span style=\"color: #888888;\"><img loading=\"lazy\" class=\"size-medium wp-image-271 alignleft\" alt=\"logo_promotionagentur-berlin-potential-allstars\" src=\"https:\/\/weihnachtsfeier-planer.de\/wordpress\/wp-content\/uploads\/2013\/07\/logo_promotionagentur-berlin-potential-allstars-300x85.jpg\" width=\"121\" height=\"34\" srcset=\"https:\/\/weihnachtsfeier-planer.de\/wordpress\/wp-content\/uploads\/2013\/07\/logo_promotionagentur-berlin-potential-allstars-300x85.jpg 300w, https:\/\/weihnachtsfeier-planer.de\/wordpress\/wp-content\/uploads\/2013\/07\/logo_promotionagentur-berlin-potential-allstars.jpg 350w\" sizes=\"(max-width: 121px) 100vw, 121px\" \/>Die <i>Hostessen- und Promotionsagentur Berlin \u2013 Potential Allstars<\/i> bietet Ihnen seit 2003 einen zuverl\u00e4ssigen und kompetenten Vermittlungsservice f\u00fcr erfahrene Messehostessen, Veranstaltungshostessen und VIP-Hostessen. In Berlin und bundesweit zu jeder Zeit! \u00a0Dabei ist es unser Ziel Ihre Veranstaltung zu einem erfolgreichen und nachhaltigen Erlebnis werden zu lassen.<\/span><\/p>\n<p><img loading=\"lazy\" class=\"size-medium wp-image-272 alignleft\" alt=\"logo_fvs\" src=\"https:\/\/weihnachtsfeier-planer.de\/wordpress\/wp-content\/uploads\/2013\/07\/logo_fvs-300x85.jpg\" width=\"117\" height=\"33\" srcset=\"https:\/\/weihnachtsfeier-planer.de\/wordpress\/wp-content\/uploads\/2013\/07\/logo_fvs-300x85.jpg 300w, https:\/\/weihnachtsfeier-planer.de\/wordpress\/wp-content\/uploads\/2013\/07\/logo_fvs.jpg 350w\" sizes=\"(max-width: 117px) 100vw, 117px\" \/><span style=\"color: #888888;\">Wie bei allen Partnern geben wir bei dem Cateringpartnern aber noch mehr acht, denn alle Veranstaltungen stehen und fallen mit dem Catering.\u00a0 Des Wegen \u00fcberpr\u00fcfen wir unsere Caterer regelm\u00e4\u00dfig.\u00a0 Wir m\u00f6chten das unsere G\u00e4ste frische und gesunde Zutaten erhalten.\u00a0 Weiterhin verlangen wir von unserem Caterer, dass er f\u00fcr unsere Kunden ma\u00dfgeschneiderte, individuelle L\u00f6sungen parat hat und auf die W\u00fcnsche und Ideen eingeht. Die FVS bieten langj\u00e4hrige Erfahrungen und Fachkompetenzen, die es uns m\u00f6glich machen Veranstaltungen der unterschiedlichsten Art kompakt und Ihren W\u00fcnschen entsprechend anzubieten.<\/span><\/p>\n<p><span style=\"color: #888888;\"><img loading=\"lazy\" class=\"size-medium wp-image-273 alignleft\" alt=\"logo_thomas-sobotzky\" src=\"https:\/\/weihnachtsfeier-planer.de\/wordpress\/wp-content\/uploads\/2013\/07\/logo_thomas-sobotzky-300x85.jpg\" width=\"117\" height=\"33\" srcset=\"https:\/\/weihnachtsfeier-planer.de\/wordpress\/wp-content\/uploads\/2013\/07\/logo_thomas-sobotzky-300x85.jpg 300w, https:\/\/weihnachtsfeier-planer.de\/wordpress\/wp-content\/uploads\/2013\/07\/logo_thomas-sobotzky.jpg 350w\" sizes=\"(max-width: 117px) 100vw, 117px\" \/>Ihr wollt alles in professionellen Bilder festhalten \u2013 hier sind die Profis f\u00fcr Event Fotografie. 5 Sekunden f\u00fcr den Moment \u2013 ein Ergebnis f\u00fcr die Ewigkeit und Medium der Erinnerung.\u00a0Fotografie ist eine sehr eigene Art der Kunst, etwas auszudr\u00fccken. Man hat nur ein Bild Zeit und Platz und\u00a0m\u00f6chte komplette Geschichten erz\u00e4hlen. Mit diesen Fotografen arbeiten wir seit weit \u00fcber 10 Jahren sehr zufrieden zusammen! Wir kennen ihre Leistungsf\u00e4higkeit, ihr Engagement und Leidenschaft. Des wegen sind sie unsere Partner.<\/span><\/p>\n<p><span style=\"color: #888888;\"><img loading=\"lazy\" class=\"size-medium wp-image-274 alignleft\" alt=\"logo_universum\" src=\"https:\/\/weihnachtsfeier-planer.de\/wordpress\/wp-content\/uploads\/2013\/07\/logo_universum-300x85.jpg\" width=\"117\" height=\"33\" srcset=\"https:\/\/weihnachtsfeier-planer.de\/wordpress\/wp-content\/uploads\/2013\/07\/logo_universum-300x85.jpg 300w, https:\/\/weihnachtsfeier-planer.de\/wordpress\/wp-content\/uploads\/2013\/07\/logo_universum.jpg 350w\" sizes=\"(max-width: 117px) 100vw, 117px\" \/>Ob Cocktailempfang, Tagung oder Gro\u00dfveranstaltung \u2013 seit Jahren arbeitet Universum erfolgreich mit den Weihnachtsfeier Planern zusammen. Wir sind mit allen g\u00e4ngigen Locations in Berlin und Brandenburg vertraut. Verlangt Ihre Sitzordnung lange Tafeln oder runde Tische? Sie m\u00f6chten beleuchtete und farbige M\u00f6bel mieten oder ein mobiles Konzept umsetzen? Wir haben die passenden Produkte f\u00fcr Sie \u2013 und das zu einem hervorragenden Preis-Leistungs-Verh\u00e4ltnis.<\/span><\/p>\n<p><span style=\"color: #888888;\"><img loading=\"lazy\" class=\"size-medium wp-image-275 alignleft\" alt=\"logo_dakato\" src=\"https:\/\/weihnachtsfeier-planer.de\/wordpress\/wp-content\/uploads\/2013\/07\/logo_dakato-300x85.jpg\" width=\"120\" height=\"34\" srcset=\"https:\/\/weihnachtsfeier-planer.de\/wordpress\/wp-content\/uploads\/2013\/07\/logo_dakato-300x85.jpg 300w, https:\/\/weihnachtsfeier-planer.de\/wordpress\/wp-content\/uploads\/2013\/07\/logo_dakato.jpg 350w\" sizes=\"(max-width: 120px) 100vw, 120px\" \/>Seit 2000: Corporate Design \u2026 Logoentwicklung \u2026 Briefb\u00f6gen \u2026 Visitenkarten \u2026 Internetauftritt \u2026 Beschilderung \u2026 Postkarten \u2026 Faltbl\u00e4tter \u2026 Plakate \u2026 Bauschilder \u2026 Give aways \u2026 Messestand \u2026 Showrooms \u2026 Verpackungen \u2026 Werbefl\u00e4chengestaltung \u2026 Banner \u2026 Objekte \u2026 Besonderes<\/span><\/p>\n<p><span style=\"color: #888888;\"><img loading=\"lazy\" class=\"size-medium wp-image-276 alignleft\" alt=\"logo_event-assec\" src=\"https:\/\/weihnachtsfeier-planer.de\/wordpress\/wp-content\/uploads\/2013\/07\/logo_event-assec-300x85.jpg\" width=\"120\" height=\"34\" srcset=\"https:\/\/weihnachtsfeier-planer.de\/wordpress\/wp-content\/uploads\/2013\/07\/logo_event-assec-300x85.jpg 300w, https:\/\/weihnachtsfeier-planer.de\/wordpress\/wp-content\/uploads\/2013\/07\/logo_event-assec.jpg 350w\" sizes=\"(max-width: 120px) 100vw, 120px\" \/>Entstanden 2002 aus dem Zusammenschluss des Berliner B\u00fcros der GMFS Versicherungsmakler GmbH, einer fr\u00fcheren Tochtergesellschaft des Industrieversicherungsmaklers Gradmann &amp; Holler (jetzt: MARSH ) und des Beratungsunternehmens GRIEGER MALLISON (ECOVIS-Gruppe) sowie des Berliner Versicherungsmaklers CompactTeam, inzwischen haben wir unter unserer Marke EventAssec die Kompetenz von seit 1990 \u00fcber 50.000 versicherten Events mit mehr als 45 Millionen Besuchern weltweit.<\/span><\/p>\n<p><span style=\"color: #888888;\"><img loading=\"lazy\" class=\"size-medium wp-image-277 alignleft\" alt=\"logo_dekoschnecke\" src=\"https:\/\/weihnachtsfeier-planer.de\/wordpress\/wp-content\/uploads\/2013\/07\/logo_dekoschnecke-300x85.jpg\" width=\"117\" height=\"33\" srcset=\"https:\/\/weihnachtsfeier-planer.de\/wordpress\/wp-content\/uploads\/2013\/07\/logo_dekoschnecke-300x85.jpg 300w, https:\/\/weihnachtsfeier-planer.de\/wordpress\/wp-content\/uploads\/2013\/07\/logo_dekoschnecke.jpg 350w\" sizes=\"(max-width: 117px) 100vw, 117px\" \/>Wenn es um richtig gute, innovative, moderne und einzigartige Dekoration sich handeln soll \u2013 dann arbeiten wir mit den Lieferanten, Partnern und Dienstleistern zusammen.\u00a0 Es sind kreative Leute die zuh\u00f6ren und intensiv nachdenken und dann mit L\u00f6sungen und Vorschl\u00e4gen aufwarten, die auf Eure W\u00fcnsche zugeschnitten und realistisch umsetzbar sind.\u00a0 Bei unseren Partnern sind wir immer auf der sicheren Seite, dass wir eine Dekoration erhalten die im Ged\u00e4chtnis bleibt.<\/span><\/p>\n<p><span style=\"color: #888888;\">\u00a0<\/span><\/p>\n","protected":false},"excerpt":{"rendered":"<p>Das ist eine Auswahl unserer Partner mit denen wir seit langen erfolgreich und sehr gern zusammen. Um Ihre Weihnachtsfeier zu einem vollen Erfolg werden zu lassen \u2013 arbeiten wir mit Partnern zusammen.\u00a0 Auf alle unsere Partner k\u00f6nnen wir uns zu 100% verlassen, denn wir arbeiten nur mit Profis und Spezialisten zusammen.\u00a0 Mit allen haben wir lange Erfahrung und geben unseren Partnern und Freunde das wichtigste was wir haben: Unser Vertrauen und uns unsere Kunden. Die Firma LUCK Light &amp; Sound ist seit 1990 im Bereich der Veranstaltungstechnik t\u00e4tig. In den vergangen Jahren ist sie kontinuierlich gewachsen und arbeitet in ganz Deutschland. Im Mittelpunkt stehen dabei immer Ihre W\u00fcnsche und Vorstellungen&#8230;.<\/p>\n<p><a class=\"clear excerptmore button\" href=\"https:\/\/weihnachtsfeier-planer.de\/wordpress\/partner-freunde\/\">Weiterlesen&#8230; &raquo;<\/a><\/p>\n","protected":false},"author":1,"featured_media":0,"parent":0,"menu_order":0,"comment_status":"closed","ping_status":"closed","template":"tpl_fullwidth-page.php","meta":[],"yoast_head":"<!-- This site is optimized with the Yoast SEO plugin v19.8 - https:\/\/yoast.com\/wordpress\/plugins\/seo\/ -->\n<title>Partner &amp; Freunde - Weihnachtsfeier Planer Berlin<\/title>\n<meta name=\"robots\" content=\"index, follow, max-snippet:-1, max-image-preview:large, max-video-preview:-1\" \/>\n<link rel=\"canonical\" href=\"https:\/\/weihnachtsfeier-planer.de\/wordpress\/partner-freunde\/\" \/>\n<meta property=\"og:locale\" content=\"de_DE\" \/>\n<meta property=\"og:type\" content=\"article\" \/>\n<meta property=\"og:title\" content=\"Partner &amp; Freunde - Weihnachtsfeier Planer Berlin\" \/>\n<meta property=\"og:description\" content=\"Das ist eine Auswahl unserer Partner mit denen wir seit langen erfolgreich und sehr gern zusammen. Um Ihre Weihnachtsfeier zu einem vollen Erfolg werden zu lassen \u2013 arbeiten wir mit Partnern zusammen.\u00a0 Auf alle unsere Partner k\u00f6nnen wir uns zu 100% verlassen, denn wir arbeiten nur mit Profis und Spezialisten zusammen.\u00a0 Mit allen haben wir lange Erfahrung und geben unseren Partnern und Freunde das wichtigste was wir haben: Unser Vertrauen und uns unsere Kunden. Die Firma LUCK Light &amp; Sound ist seit 1990 im Bereich der Veranstaltungstechnik t\u00e4tig. In den vergangen Jahren ist sie kontinuierlich gewachsen und arbeitet in ganz Deutschland. Im Mittelpunkt stehen dabei immer Ihre W\u00fcnsche und Vorstellungen....Weiterlesen... &raquo;\" \/>\n<meta property=\"og:url\" content=\"https:\/\/weihnachtsfeier-planer.de\/wordpress\/partner-freunde\/\" \/>\n<meta property=\"og:site_name\" content=\"Weihnachtsfeier Planer Berlin\" \/>\n<meta property=\"article:modified_time\" content=\"2013-07-30T15:05:47+00:00\" \/>\n<meta property=\"og:image\" content=\"http:\/\/weihnachtsfeier-planer.de\/wordpress\/wp-content\/uploads\/2013\/07\/partner_266.jpg\" \/>\n<meta name=\"twitter:label1\" content=\"Gesch\u00e4tzte Lesezeit\" \/>\n\t<meta name=\"twitter:data1\" content=\"3\u00a0Minuten\" \/>\n<script type=\"application\/ld+json\" class=\"yoast-schema-graph\">{\"@context\":\"https:\/\/schema.org\",\"@graph\":[{\"@type\":\"WebPage\",\"@id\":\"https:\/\/weihnachtsfeier-planer.de\/wordpress\/partner-freunde\/\",\"url\":\"https:\/\/weihnachtsfeier-planer.de\/wordpress\/partner-freunde\/\",\"name\":\"Partner & Freunde - Weihnachtsfeier Planer Berlin\",\"isPartOf\":{\"@id\":\"https:\/\/weihnachtsfeier-planer.de\/wordpress\/#website\"},\"datePublished\":\"2013-07-30T15:01:07+00:00\",\"dateModified\":\"2013-07-30T15:05:47+00:00\",\"breadcrumb\":{\"@id\":\"https:\/\/weihnachtsfeier-planer.de\/wordpress\/partner-freunde\/#breadcrumb\"},\"inLanguage\":\"de\",\"potentialAction\":[{\"@type\":\"ReadAction\",\"target\":[\"https:\/\/weihnachtsfeier-planer.de\/wordpress\/partner-freunde\/\"]}]},{\"@type\":\"BreadcrumbList\",\"@id\":\"https:\/\/weihnachtsfeier-planer.de\/wordpress\/partner-freunde\/#breadcrumb\",\"itemListElement\":[{\"@type\":\"ListItem\",\"position\":1,\"name\":\"Startseite\",\"item\":\"https:\/\/weihnachtsfeier-planer.de\/wordpress\/\"},{\"@type\":\"ListItem\",\"position\":2,\"name\":\"Partner &#038; Freunde\"}]},{\"@type\":\"WebSite\",\"@id\":\"https:\/\/weihnachtsfeier-planer.de\/wordpress\/#website\",\"url\":\"https:\/\/weihnachtsfeier-planer.de\/wordpress\/\",\"name\":\"Weihnachtsfeier Planer Berlin\",\"description\":\"Auf eine wunderbare Weihnachtsfeier in Berlin\",\"potentialAction\":[{\"@type\":\"SearchAction\",\"target\":{\"@type\":\"EntryPoint\",\"urlTemplate\":\"https:\/\/weihnachtsfeier-planer.de\/wordpress\/?s={search_term_string}\"},\"query-input\":\"required name=search_term_string\"}],\"inLanguage\":\"de\"}]}<\/script>\n<!-- \/ Yoast SEO plugin. -->","yoast_head_json":{"title":"Partner & Freunde - Weihnachtsfeier Planer Berlin","robots":{"index":"index","follow":"follow","max-snippet":"max-snippet:-1","max-image-preview":"max-image-preview:large","max-video-preview":"max-video-preview:-1"},"canonical":"https:\/\/weihnachtsfeier-planer.de\/wordpress\/partner-freunde\/","og_locale":"de_DE","og_type":"article","og_title":"Partner & Freunde - Weihnachtsfeier Planer Berlin","og_description":"Das ist eine Auswahl unserer Partner mit denen wir seit langen erfolgreich und sehr gern zusammen. Um Ihre Weihnachtsfeier zu einem vollen Erfolg werden zu lassen \u2013 arbeiten wir mit Partnern zusammen.\u00a0 Auf alle unsere Partner k\u00f6nnen wir uns zu 100% verlassen, denn wir arbeiten nur mit Profis und Spezialisten zusammen.\u00a0 Mit allen haben wir lange Erfahrung und geben unseren Partnern und Freunde das wichtigste was wir haben: Unser Vertrauen und uns unsere Kunden. Die Firma LUCK Light &amp; Sound ist seit 1990 im Bereich der Veranstaltungstechnik t\u00e4tig. In den vergangen Jahren ist sie kontinuierlich gewachsen und arbeitet in ganz Deutschland. Im Mittelpunkt stehen dabei immer Ihre W\u00fcnsche und Vorstellungen....Weiterlesen... &raquo;","og_url":"https:\/\/weihnachtsfeier-planer.de\/wordpress\/partner-freunde\/","og_site_name":"Weihnachtsfeier Planer Berlin","article_modified_time":"2013-07-30T15:05:47+00:00","og_image":[{"url":"http:\/\/weihnachtsfeier-planer.de\/wordpress\/wp-content\/uploads\/2013\/07\/partner_266.jpg"}],"twitter_misc":{"Gesch\u00e4tzte Lesezeit":"3\u00a0Minuten"},"schema":{"@context":"https:\/\/schema.org","@graph":[{"@type":"WebPage","@id":"https:\/\/weihnachtsfeier-planer.de\/wordpress\/partner-freunde\/","url":"https:\/\/weihnachtsfeier-planer.de\/wordpress\/partner-freunde\/","name":"Partner & Freunde - Weihnachtsfeier Planer Berlin","isPartOf":{"@id":"https:\/\/weihnachtsfeier-planer.de\/wordpress\/#website"},"datePublished":"2013-07-30T15:01:07+00:00","dateModified":"2013-07-30T15:05:47+00:00","breadcrumb":{"@id":"https:\/\/weihnachtsfeier-planer.de\/wordpress\/partner-freunde\/#breadcrumb"},"inLanguage":"de","potentialAction":[{"@type":"ReadAction","target":["https:\/\/weihnachtsfeier-planer.de\/wordpress\/partner-freunde\/"]}]},{"@type":"BreadcrumbList","@id":"https:\/\/weihnachtsfeier-planer.de\/wordpress\/partner-freunde\/#breadcrumb","itemListElement":[{"@type":"ListItem","position":1,"name":"Startseite","item":"https:\/\/weihnachtsfeier-planer.de\/wordpress\/"},{"@type":"ListItem","position":2,"name":"Partner &#038; Freunde"}]},{"@type":"WebSite","@id":"https:\/\/weihnachtsfeier-planer.de\/wordpress\/#website","url":"https:\/\/weihnachtsfeier-planer.de\/wordpress\/","name":"Weihnachtsfeier Planer Berlin","description":"Auf eine wunderbare Weihnachtsfeier in Berlin","potentialAction":[{"@type":"SearchAction","target":{"@type":"EntryPoint","urlTemplate":"https:\/\/weihnachtsfeier-planer.de\/wordpress\/?s={search_term_string}"},"query-input":"required name=search_term_string"}],"inLanguage":"de"}]}},"_links":{"self":[{"href":"https:\/\/weihnachtsfeier-planer.de\/wordpress\/wp-json\/wp\/v2\/pages\/266"}],"collection":[{"href":"https:\/\/weihnachtsfeier-planer.de\/wordpress\/wp-json\/wp\/v2\/pages"}],"about":[{"href":"https:\/\/weihnachtsfeier-planer.de\/wordpress\/wp-json\/wp\/v2\/types\/page"}],"author":[{"embeddable":true,"href":"https:\/\/weihnachtsfeier-planer.de\/wordpress\/wp-json\/wp\/v2\/users\/1"}],"replies":[{"embeddable":true,"href":"https:\/\/weihnachtsfeier-planer.de\/wordpress\/wp-json\/wp\/v2\/comments?post=266"}],"version-history":[{"count":3,"href":"https:\/\/weihnachtsfeier-planer.de\/wordpress\/wp-json\/wp\/v2\/pages\/266\/revisions"}],"predecessor-version":[{"id":279,"href":"https:\/\/weihnachtsfeier-planer.de\/wordpress\/wp-json\/wp\/v2\/pages\/266\/revisions\/279"}],"wp:attachment":[{"href":"https:\/\/weihnachtsfeier-planer.de\/wordpress\/wp-json\/wp\/v2\/media?parent=266"}],"curies":[{"name":"wp","href":"https:\/\/api.w.org\/{rel}","templated":true}]}}