{"id":335,"date":"2013-07-31T14:09:26","date_gmt":"2013-07-31T12:09:26","guid":{"rendered":"http:\/\/weihnachtsfeier-planer.de\/wordpress\/?page_id=335"},"modified":"2016-10-26T14:22:49","modified_gmt":"2016-10-26T13:22:49","slug":"weihnachtsfeier-knigge","status":"publish","type":"page","link":"https:\/\/weihnachtsfeier-planer.de\/wordpress\/tipps\/weihnachtsfeier-knigge\/","title":{"rendered":"Weihnachtsfeier Knigge"},"content":{"rendered":"<p><span style=\"color: #888888;\"><img loading=\"lazy\" class=\" wp-image-494 alignleft\" src=\"https:\/\/weihnachtsfeier-planer.de\/wordpress\/wp-content\/uploads\/2013\/07\/weihnachtsfeier-knigge-planer-agentur-berlin-1-300x200.jpg\" alt=\"weihnachtsfeier-knigge-planer-agentur-berlin-1\" width=\"210\" height=\"140\" srcset=\"https:\/\/weihnachtsfeier-planer.de\/wordpress\/wp-content\/uploads\/2013\/07\/weihnachtsfeier-knigge-planer-agentur-berlin-1-300x200.jpg 300w, https:\/\/weihnachtsfeier-planer.de\/wordpress\/wp-content\/uploads\/2013\/07\/weihnachtsfeier-knigge-planer-agentur-berlin-1.jpg 333w\" sizes=\"(max-width: 210px) 100vw, 210px\" \/>Die Weihnachtsfeier der Firma kann f\u00fcr Sie schnell in einem pers\u00f6nlichen Desaster enden \u2013 etwa wenn Sie zu viel Alkohol trinken. Doch das Weihnachtsfest birgt noch weitere Gefahren, die einem oftmals nicht bewusst sind. Wir sagen Ihnen, welches Verhalten zur Weihnachtsfeier angebracht ist, und pr\u00e4sentieren Ihnen die wichtigsten Regeln, damit Sie Ihre Karriere beim feucht-fr\u00f6hlichen Fest nicht gef\u00e4hrden. &#8211; Hier geht es zum <a title=\"Benimmregeln \/ Knigge f\u00fcr die Betriebsweihnachtsfeier von den Weihnachtsfeier Planern zusammengetragen\" href=\"https:\/\/weihnachtsfeier-planer.de\/wordpress\/wp-content\/uploads\/2013\/07\/weihnachtsfeier-planer_berlin_benimmregeln-knigge-fuer-die-weihnachtsfeier.pdf\" target=\"_blank\">Download des &#8222;Weihnachtsfeier-Knigges&#8220;<\/a><br \/>\n<\/span><\/p>\n<p><strong><span style=\"color: #888888;\">Weihnachtsfeier: Fernbleiben keine Option<\/span><\/strong><\/p>\n<p><span style=\"color: #888888;\">Trotz der lauernden Gefahren ist es enorm wichtig, dass Sie der Weihnachtsfeier nicht aus dem Weg gehen: &#8222;Wenn man nicht hingeht, sendet man das Signal: Mir ist es nicht wert, meine Freizeit mit meinen Kollegen und dem Chef zu verbringen&#8220;, so Agnes Jarosch, Kommunikationstrainerin und Mitglied im Deutschen Knigge-Rat, gegen\u00fcber der &#8222;Zeit&#8220;. Wer ohne einen wichtigen Grund den Feierlichkeiten fernbleibt, kann es sich schnell mit der Chefetage und den Kollegen verscherzen.<\/span><\/p>\n<p><span style=\"color: #888888;\"><img loading=\"lazy\" class=\"alignleft wp-image-705\" title=\"Weihnachtsfeier Knigge - Benimmregeln\" src=\"https:\/\/weihnachtsfeier-planer.de\/wordpress\/wp-content\/uploads\/2013\/07\/weihnachtsfeier-knigge-planer-agentur-berlin-11-300x201.jpg\" width=\"200\" height=\"134\" srcset=\"https:\/\/weihnachtsfeier-planer.de\/wordpress\/wp-content\/uploads\/2013\/07\/weihnachtsfeier-knigge-planer-agentur-berlin-11-300x201.jpg 300w, https:\/\/weihnachtsfeier-planer.de\/wordpress\/wp-content\/uploads\/2013\/07\/weihnachtsfeier-knigge-planer-agentur-berlin-11.jpg 350w\" sizes=\"(max-width: 200px) 100vw, 200px\" \/><\/span><strong><span style=\"color: #888888;\">Goldene Regel: M\u00e4\u00dfiger Alkoholkonsum<\/span><\/strong><\/p>\n<p><span style=\"color: #888888;\">Es ist eigentlich selbstredend, sollte dennoch betont werden: \u00dcberm\u00e4\u00dfiger Alkoholkonsum ist absolut tabu. Wer betrunken ist, neigt generell dazu, negativ aufzufallen oder plaudert interne Angelegenheit aus, die nicht f\u00fcr alle Mitarbeiter bestimmt sind. Trotz des zumeist verlockenden Angebots an Alkohol gilt: Halten Sie unbedingt Ma\u00df!<\/span><\/p>\n<p><strong><span style=\"color: #888888;\">Tanzen und Flirten: Gef\u00e4hrliche Versuchung<\/span><\/strong><\/p>\n<p><span style=\"color: #888888;\">Alexander Freiherr von Fircks, ebenfalls Mitglied des Knigge-Rats weist im Gespr\u00e4ch mit der &#8222;Rheinischen Post&#8220; ferner darauf hin, dass aufdringliche Ann\u00e4herungsversuche und \u00fcbertriebene Tanzeinlagen ebenso tabu seien. &#8222;Weihnachts- und Adventsfeiern sind keine Faschingsgaudi.&#8220; Sie sollen sich zwar am\u00fcsieren, aber nicht zu jedem Preis. Amerikanische Forscher des Scripps-Research-Instituts haben unl\u00e4ngst bewiesen, dass Alkohol aphrodisierend wirkt. Und auch die Praxis zeigt: Mit jedem Gl\u00e4schen werden die Kollegen attraktiver. Wer jedoch nicht zum Gespr\u00e4chsthema Nummer eins avancieren oder sich einen Korb einfangen will, sollte die Finger von seinen Kolleginnen (und Kollegen) lassen. \u201eAuch auf der Weihnachtsfeier m\u00fcssen Mitarbeiter Berufliches und Privates strikt trennen\u201c, sagt Schaumann. Die Anstandsgrenze von einem halben Meter sollte nie unterschritten werden.<\/span><\/p>\n<p><strong><span style=\"color: #888888;\">Angemessene Kleidung zur Weihnachtsfeier<\/span><\/strong><\/p>\n<p><span style=\"color: #888888;\">Die angemessene Kleidung zur Weihnachtsfeier h\u00e4ngt vom geplanten Event ab. Bei einem Bummel \u00fcber den Weihnachtsmarkt gilt die Regel, sich bequem und warm anzuziehen. Wenn Ihre Weihnachtsfeier in einem Restaurant samt Bankett <img loading=\"lazy\" class=\" wp-image-496 alignright\" src=\"https:\/\/weihnachtsfeier-planer.de\/wordpress\/wp-content\/uploads\/2013\/07\/x-mas-15-146x300.jpg\" alt=\"weihnachtsfeier-knigge-planer-agentur-berlin-1\" width=\"117\" height=\"240\" srcset=\"https:\/\/weihnachtsfeier-planer.de\/wordpress\/wp-content\/uploads\/2013\/07\/x-mas-15-146x300.jpg 146w, https:\/\/weihnachtsfeier-planer.de\/wordpress\/wp-content\/uploads\/2013\/07\/x-mas-15.jpg 333w\" sizes=\"(max-width: 117px) 100vw, 117px\" \/>stattfindet, sollten Sie auf jeden Fall edle Kleidung w\u00e4hlen. &#8222;In vielen Firmen brechen die Mitarbeiter nach Dienstschluss gemeinsam auf. Dann ist es wichtig, b\u00fcrotaugliche Kleidung zu w\u00e4hlen, die am Abend aber mit Accessoires aufgewertet werden kann: Femininer Schmuck und Pumps mit etwas h\u00f6heren Abs\u00e4tzen f\u00fcr die Damen, eine neue Krawatte f\u00fcr den Herren&#8220;, erl\u00e4utert Knigge-Expertin Agnes Jarosch in der &#8222;Zeit&#8220;.<\/span><\/p>\n<p><strong><span style=\"color: #888888;\">Essens-Etikette<\/span><\/strong><\/p>\n<p><span style=\"color: #888888;\">Auch beim Essen sollten Sie verschiede Regeln einhalten, obgleich eine betriebliche Feier generell ungezwungener ist als andere Gesch\u00e4ftsessen. Bei einem B\u00fcfett mit mehreren G\u00e4ngen sollten Sie Teller und Besteck jeweils nur einmal benutzen, sonst k\u00f6nnten Ihre Kollegen Sie als stillos einstufen. So ist es auch angebracht, mit dem zweiten Gang zu warten, bis der erste Teller abger\u00e4umt ist. Beim B\u00fcfett sollten Sie auch einige Regeln beachten: &#8222;Kalte Vorspeisen wie Fisch und Salat werden vor warmen Antipasti aufgetischt, bei den Hauptgerichten kommt Fisch vor Fleisch. Und K\u00e4se isst man vor dem Dessert. Wer alles wahllos durcheinander auf seinen Teller spachtelt, gilt schnell als Banause&#8220;, warnt die &#8222;Rheinische Post&#8220;. Dar\u00fcber hinaus sollten Sie Ihren Teller auf keinen Fall \u00fcberf\u00fcllen \u2013 das hinterl\u00e4sst einen gierigen Eindruck. Wenn Sie diese einfachen Regeln befolgen, steht einer reibungslosen Weihnachtsfeier nichts mehr im Wege.<\/span><\/p>\n<p><strong><span style=\"color: #888888;\">Der Chef ist nicht Ihr Kumpel<\/span><\/strong><\/p>\n<p><span style=\"color: #888888;\">Der gr\u00f6\u00dfte Fauxpas lauert in der Verbr\u00fcderung mit Vorgesetzten, warnt der Stilexperte. Den C<img loading=\"lazy\" class=\"size-full wp-image-340 alignright\" title=\"Weihnachtsfeier Knigge - Benimmregeln\" src=\"https:\/\/weihnachtsfeier-planer.de\/wordpress\/wp-content\/uploads\/2013\/07\/weihnachtsfeier-planer_weihnachtsfeier_9.jpg\" alt=\"weihnachtsfeier-planer_weihnachtsfeier_9\" width=\"143\" height=\"143\" srcset=\"https:\/\/weihnachtsfeier-planer.de\/wordpress\/wp-content\/uploads\/2013\/07\/weihnachtsfeier-planer_weihnachtsfeier_9.jpg 200w, https:\/\/weihnachtsfeier-planer.de\/wordpress\/wp-content\/uploads\/2013\/07\/weihnachtsfeier-planer_weihnachtsfeier_9-150x150.jpg 150w\" sizes=\"(max-width: 143px) 100vw, 143px\" \/>hef mutig duzen und die n\u00e4chste Gehaltserh\u00f6hung fordern, weckt keine Sympathien. Die Weihnachtsfeier ist kein Meeting, Berufliches bleibt au\u00dfen vor. Ein Jobthema eignet sich lediglich als Gespr\u00e4chseinstieg mit Kollegen, die man weniger gut kennt.\u00a0 Auf der Weihnachtsfeier ist der Umgangston oft lockerer im B\u00fcro. Duzen sich dann die Mitarbeiter gegenseitig, hei\u00dft das nicht, dass das k\u00fcnftig auch f\u00fcr die Arbeit gilt. Gerade dem Chef gegen\u00fcber ist Zur\u00fcckhaltung gefragt. Ob das \u00abDu\u00bb am n\u00e4chsten Tag noch Bestand hat, bestimme er allein, erl\u00e4utert Karriereberaterin Carolin L\u00fcdemann. \u00abSollte dieser wieder zum &#8218;Sie&#8216; zur\u00fcckkehren, l\u00e4sst man diesen Sinneswandel unkommentiert und geduldet sich bis zur n\u00e4chsten Feierlichkeit\u00bb, erkl\u00e4rt sie.<\/span><\/p>\n<p><strong><span style=\"color: #888888;\">Den Absprung schaffen<\/span><\/strong><\/p>\n<p><span style=\"color: #888888;\">Auch auf Weihnachtsfeiern gilt: Gehen, wenn\u2019s am sch\u00f6nsten ist. \u201eDer richtige Zeitpunkt ist gekommen, wenn sich die G\u00e4ste allm\u00e4hlich ausd\u00fcnnen. Meist gegen elf\u201c, wei\u00df Schaumann. Oftmals ziehe ein harter Kern noch weiter in die n\u00e4chste Bar. Doch Mitarbeiter, die am n\u00e4chsten Tag wieder im B\u00fcro erscheinen m\u00fcssen, sollten davon Abstand nehmen.<\/span><\/p>\n<p><span style=\"color: #888888;\"><img loading=\"lazy\" class=\"size-medium wp-image-339 alignleft\" title=\"Weihnachtsfeier Knigge - Benimmregeln\" src=\"https:\/\/weihnachtsfeier-planer.de\/wordpress\/wp-content\/uploads\/2013\/07\/weihnachtsfeier-planer_comic_1-300x258.jpg\" alt=\"weihnachtsfeier-planer_comic_1\" width=\"225\" height=\"191\" \/><\/span><strong><span style=\"color: #888888;\">Keine plumpen Vertraulichkeiten<\/span><\/strong><\/p>\n<p><span style=\"color: #888888;\">Auf der Weihnachtsfeier sollten Mitarbeiter nicht zu privat werden. So sei eine solche Feier nicht der richtige Ort, um sich etwa \u00fcber famili\u00e4re Probleme zu unterhalten. \u00abDas kann dem eigenen Image schaden\u00bb, sagt Agnes Jarosch vom Deutschen Knigge-Rat. Besser sei es, bei unverf\u00e4nglichen Small-Talk-Themen zu bleiben. \u00abWeihnachten und Geschenke eignen sich da zum Beispiel.\u00bb Denn dazu k\u00f6nne jeder etwas sagen, ohne dass es zu intim wird.<\/span><\/p>\n<p><strong><span style=\"color: #888888;\">Nicht l\u00e4stern<\/span><\/strong><\/p>\n<p><span style=\"color: #888888;\">Tabu sei es auch, auf der Feier \u00fcber Kollegen zu l\u00e4stern, warnt Jarosch. Denn es wirkt sch\u00e4big, andere hinter ihrem R\u00fccken schlechtzumachen. Ebenso unpassend sei es, etwa das Essen oder den Wein zu kritisieren. Auch mit platten Witzen oder flotten Spr\u00fcchen halten Mitarbeiter sich besser zur\u00fcck- sie k\u00f6nnen hinterher schnell peinlich sein.<\/span><\/p>\n<p><strong><span style=\"color: #888888;\">Am n\u00e4chsten Tag entschuldigen<\/span><\/strong><\/p>\n<p><span style=\"color: #888888;\">\u00abAm n\u00e4chsten Tag ist wieder jeder in seiner alten Rolle\u00bb, wie Angerer betont. \u00abWer dann das Gef\u00fchl hat, er habe sich nicht so benommen, wie er sollte, spricht das am besten an.\u00bb Bei ausgepr\u00e4gten Verst\u00f6\u00dfen gegen die Benimm-Regeln ist eine Entschuldigung nicht die schlechteste Wahl. \u00abSonst kann das eine Negativspirale in Gang setzen\u00bb, warnt die Etikette-Expertin. Hat man sich dagegen nur selbst blamiert, etwa durch peinliches Posen auf der Tanzfl\u00e4che, hilft nur eins: Hoffen, dass schnell Gras \u00fcber die Sache w\u00e4chst.<\/span><\/p>\n<p><strong><span style=\"color: #888888;\">Wenn man absagen muss<\/span><\/strong><\/p>\n<p><span style=\"color: #888888;\">Wer kurzfristig ausf\u00e4llt, etwa weil er krank wird oder ihm etwas Wichtiges dazwischenkommt, sollte unbedingt absagen: \u00abDas ist immer guter Stil\u00bb, sagt Angerer. \u00abAuch wenn man denkt, da kommen 200 Leute, da f\u00e4llt einer mehr oder weniger gar nicht auf.\u00bb Schlie\u00dflich gehe es m\u00f6glicherweise 10 oder 20 anderen auch so- und dann sollten die Organisatoren besser Bescheid wissen.<\/span><\/p>\n<p><strong><span style=\"color: #888888;\">Beim Chef bedanken<\/span><\/strong><\/p>\n<div>\n<p><span style=\"color: #888888;\"><img loading=\"lazy\" class=\"alignright wp-image-704\" title=\"Weihnachtsfeier Knigge - Benimmregeln\" src=\"https:\/\/weihnachtsfeier-planer.de\/wordpress\/wp-content\/uploads\/2013\/07\/weihnachtsfeier-knigge-planer-agentur-berlin-12-300x201.jpg\" width=\"200\" height=\"134\" srcset=\"https:\/\/weihnachtsfeier-planer.de\/wordpress\/wp-content\/uploads\/2013\/07\/weihnachtsfeier-knigge-planer-agentur-berlin-12-300x201.jpg 300w, https:\/\/weihnachtsfeier-planer.de\/wordpress\/wp-content\/uploads\/2013\/07\/weihnachtsfeier-knigge-planer-agentur-berlin-12.jpg 350w\" sizes=\"(max-width: 200px) 100vw, 200px\" \/>Nach der Weihnachtsfeier geh\u00f6rt es zum guten Ton, sich beim Chef f\u00fcr die Einladung zu bedanken. In kleinerem Rahmen verabschieden Mitarbeiter sich am Ende der Feier daher am besten pers\u00f6nlich vom Vorgesetzten und sagen Dankesch\u00f6n. Bei einer gro\u00dfen Feier mit 100 oder mehr Teilnehmern ist das dagegen kein Muss. \u00abSonst bedeutet das im Extremfall, dass der Chef am Ende 100-mal H\u00e4nde sch\u00fctteln muss\u00bb, sagt Agnes Jarosch vom Deutschen Knigge-Rat in Bonn. In solchen F\u00e4llen verschieben Mitarbeiter es daher eventuell lieber auf den n\u00e4chsten Tag, sich zu bedanken.<\/span><\/p>\n<\/div>\n","protected":false},"excerpt":{"rendered":"<p>Die Weihnachtsfeier der Firma kann f\u00fcr Sie schnell in einem pers\u00f6nlichen Desaster enden \u2013 etwa wenn Sie zu viel Alkohol trinken. Doch das Weihnachtsfest birgt noch weitere Gefahren, die einem oftmals nicht bewusst sind. Wir sagen Ihnen, welches Verhalten zur Weihnachtsfeier angebracht ist, und pr\u00e4sentieren Ihnen die wichtigsten Regeln, damit Sie Ihre Karriere beim feucht-fr\u00f6hlichen Fest nicht gef\u00e4hrden. &#8211; Hier geht es zum Download des &#8222;Weihnachtsfeier-Knigges&#8220; Weihnachtsfeier: Fernbleiben keine Option Trotz der lauernden Gefahren ist es enorm wichtig, dass Sie der Weihnachtsfeier nicht aus dem Weg gehen: &#8222;Wenn man nicht hingeht, sendet man das Signal: Mir ist es nicht wert, meine Freizeit mit meinen Kollegen und dem Chef zu verbringen&#8220;,&#8230;<\/p>\n<p><a class=\"clear excerptmore button\" href=\"https:\/\/weihnachtsfeier-planer.de\/wordpress\/tipps\/weihnachtsfeier-knigge\/\">Weiterlesen&#8230; &raquo;<\/a><\/p>\n","protected":false},"author":1,"featured_media":0,"parent":208,"menu_order":0,"comment_status":"closed","ping_status":"closed","template":"tpl_fullwidth-page.php","meta":[],"yoast_head":"<!-- This site is optimized with the Yoast SEO plugin v19.8 - https:\/\/yoast.com\/wordpress\/plugins\/seo\/ -->\n<title>benimmregeln weihnachtsfeier firma Knigge Berlin Tipps Tricks download<\/title>\n<meta name=\"description\" content=\"Benimmregeln, Weihnachtsfeier, Firma, Knigge, Tipps, Tricks, Alkohol, Chef Duzen, Flirten, l\u00e4stern, download, karriereknick Weihnachtsfeier, Agentur\" \/>\n<meta name=\"robots\" content=\"index, follow, max-snippet:-1, max-image-preview:large, max-video-preview:-1\" \/>\n<link rel=\"canonical\" href=\"https:\/\/weihnachtsfeier-planer.de\/wordpress\/tipps\/weihnachtsfeier-knigge\/\" \/>\n<meta property=\"og:locale\" content=\"de_DE\" \/>\n<meta property=\"og:type\" content=\"article\" \/>\n<meta property=\"og:title\" content=\"benimmregeln weihnachtsfeier firma Knigge Berlin Tipps Tricks download\" \/>\n<meta property=\"og:description\" content=\"Benimmregeln, Weihnachtsfeier, Firma, Knigge, Tipps, Tricks, Alkohol, Chef Duzen, Flirten, l\u00e4stern, download, karriereknick Weihnachtsfeier, Agentur\" \/>\n<meta property=\"og:url\" content=\"https:\/\/weihnachtsfeier-planer.de\/wordpress\/tipps\/weihnachtsfeier-knigge\/\" \/>\n<meta property=\"og:site_name\" content=\"Weihnachtsfeier Planer Berlin\" \/>\n<meta property=\"article:modified_time\" content=\"2016-10-26T13:22:49+00:00\" \/>\n<meta property=\"og:image\" content=\"http:\/\/weihnachtsfeier-planer.de\/wordpress\/wp-content\/uploads\/2013\/07\/weihnachtsfeier-knigge-planer-agentur-berlin-1-300x200.jpg\" \/>\n<meta name=\"twitter:label1\" content=\"Gesch\u00e4tzte Lesezeit\" \/>\n\t<meta name=\"twitter:data1\" content=\"6\u00a0Minuten\" \/>\n<script type=\"application\/ld+json\" class=\"yoast-schema-graph\">{\"@context\":\"https:\/\/schema.org\",\"@graph\":[{\"@type\":\"WebPage\",\"@id\":\"https:\/\/weihnachtsfeier-planer.de\/wordpress\/tipps\/weihnachtsfeier-knigge\/\",\"url\":\"https:\/\/weihnachtsfeier-planer.de\/wordpress\/tipps\/weihnachtsfeier-knigge\/\",\"name\":\"benimmregeln weihnachtsfeier firma Knigge Berlin Tipps Tricks download\",\"isPartOf\":{\"@id\":\"https:\/\/weihnachtsfeier-planer.de\/wordpress\/#website\"},\"datePublished\":\"2013-07-31T12:09:26+00:00\",\"dateModified\":\"2016-10-26T13:22:49+00:00\",\"description\":\"Benimmregeln, Weihnachtsfeier, Firma, Knigge, Tipps, Tricks, Alkohol, Chef Duzen, Flirten, l\u00e4stern, download, karriereknick Weihnachtsfeier, Agentur\",\"breadcrumb\":{\"@id\":\"https:\/\/weihnachtsfeier-planer.de\/wordpress\/tipps\/weihnachtsfeier-knigge\/#breadcrumb\"},\"inLanguage\":\"de\",\"potentialAction\":[{\"@type\":\"ReadAction\",\"target\":[\"https:\/\/weihnachtsfeier-planer.de\/wordpress\/tipps\/weihnachtsfeier-knigge\/\"]}]},{\"@type\":\"BreadcrumbList\",\"@id\":\"https:\/\/weihnachtsfeier-planer.de\/wordpress\/tipps\/weihnachtsfeier-knigge\/#breadcrumb\",\"itemListElement\":[{\"@type\":\"ListItem\",\"position\":1,\"name\":\"Startseite\",\"item\":\"https:\/\/weihnachtsfeier-planer.de\/wordpress\/\"},{\"@type\":\"ListItem\",\"position\":2,\"name\":\"Tipps\",\"item\":\"https:\/\/weihnachtsfeier-planer.de\/wordpress\/tipps\/\"},{\"@type\":\"ListItem\",\"position\":3,\"name\":\"Weihnachtsfeier Knigge\"}]},{\"@type\":\"WebSite\",\"@id\":\"https:\/\/weihnachtsfeier-planer.de\/wordpress\/#website\",\"url\":\"https:\/\/weihnachtsfeier-planer.de\/wordpress\/\",\"name\":\"Weihnachtsfeier Planer Berlin\",\"description\":\"Auf eine wunderbare Weihnachtsfeier in Berlin\",\"potentialAction\":[{\"@type\":\"SearchAction\",\"target\":{\"@type\":\"EntryPoint\",\"urlTemplate\":\"https:\/\/weihnachtsfeier-planer.de\/wordpress\/?s={search_term_string}\"},\"query-input\":\"required name=search_term_string\"}],\"inLanguage\":\"de\"}]}<\/script>\n<!-- \/ Yoast SEO plugin. -->","yoast_head_json":{"title":"benimmregeln weihnachtsfeier firma Knigge Berlin Tipps Tricks download","description":"Benimmregeln, Weihnachtsfeier, Firma, Knigge, Tipps, Tricks, Alkohol, Chef Duzen, Flirten, l\u00e4stern, download, karriereknick Weihnachtsfeier, Agentur","robots":{"index":"index","follow":"follow","max-snippet":"max-snippet:-1","max-image-preview":"max-image-preview:large","max-video-preview":"max-video-preview:-1"},"canonical":"https:\/\/weihnachtsfeier-planer.de\/wordpress\/tipps\/weihnachtsfeier-knigge\/","og_locale":"de_DE","og_type":"article","og_title":"benimmregeln weihnachtsfeier firma Knigge Berlin Tipps Tricks download","og_description":"Benimmregeln, Weihnachtsfeier, Firma, Knigge, Tipps, Tricks, Alkohol, Chef Duzen, Flirten, l\u00e4stern, download, karriereknick Weihnachtsfeier, Agentur","og_url":"https:\/\/weihnachtsfeier-planer.de\/wordpress\/tipps\/weihnachtsfeier-knigge\/","og_site_name":"Weihnachtsfeier Planer Berlin","article_modified_time":"2016-10-26T13:22:49+00:00","og_image":[{"url":"http:\/\/weihnachtsfeier-planer.de\/wordpress\/wp-content\/uploads\/2013\/07\/weihnachtsfeier-knigge-planer-agentur-berlin-1-300x200.jpg"}],"twitter_misc":{"Gesch\u00e4tzte Lesezeit":"6\u00a0Minuten"},"schema":{"@context":"https:\/\/schema.org","@graph":[{"@type":"WebPage","@id":"https:\/\/weihnachtsfeier-planer.de\/wordpress\/tipps\/weihnachtsfeier-knigge\/","url":"https:\/\/weihnachtsfeier-planer.de\/wordpress\/tipps\/weihnachtsfeier-knigge\/","name":"benimmregeln weihnachtsfeier firma Knigge Berlin Tipps Tricks download","isPartOf":{"@id":"https:\/\/weihnachtsfeier-planer.de\/wordpress\/#website"},"datePublished":"2013-07-31T12:09:26+00:00","dateModified":"2016-10-26T13:22:49+00:00","description":"Benimmregeln, Weihnachtsfeier, Firma, Knigge, Tipps, Tricks, Alkohol, Chef Duzen, Flirten, l\u00e4stern, download, karriereknick Weihnachtsfeier, Agentur","breadcrumb":{"@id":"https:\/\/weihnachtsfeier-planer.de\/wordpress\/tipps\/weihnachtsfeier-knigge\/#breadcrumb"},"inLanguage":"de","potentialAction":[{"@type":"ReadAction","target":["https:\/\/weihnachtsfeier-planer.de\/wordpress\/tipps\/weihnachtsfeier-knigge\/"]}]},{"@type":"BreadcrumbList","@id":"https:\/\/weihnachtsfeier-planer.de\/wordpress\/tipps\/weihnachtsfeier-knigge\/#breadcrumb","itemListElement":[{"@type":"ListItem","position":1,"name":"Startseite","item":"https:\/\/weihnachtsfeier-planer.de\/wordpress\/"},{"@type":"ListItem","position":2,"name":"Tipps","item":"https:\/\/weihnachtsfeier-planer.de\/wordpress\/tipps\/"},{"@type":"ListItem","position":3,"name":"Weihnachtsfeier Knigge"}]},{"@type":"WebSite","@id":"https:\/\/weihnachtsfeier-planer.de\/wordpress\/#website","url":"https:\/\/weihnachtsfeier-planer.de\/wordpress\/","name":"Weihnachtsfeier Planer Berlin","description":"Auf eine wunderbare Weihnachtsfeier in Berlin","potentialAction":[{"@type":"SearchAction","target":{"@type":"EntryPoint","urlTemplate":"https:\/\/weihnachtsfeier-planer.de\/wordpress\/?s={search_term_string}"},"query-input":"required name=search_term_string"}],"inLanguage":"de"}]}},"_links":{"self":[{"href":"https:\/\/weihnachtsfeier-planer.de\/wordpress\/wp-json\/wp\/v2\/pages\/335"}],"collection":[{"href":"https:\/\/weihnachtsfeier-planer.de\/wordpress\/wp-json\/wp\/v2\/pages"}],"about":[{"href":"https:\/\/weihnachtsfeier-planer.de\/wordpress\/wp-json\/wp\/v2\/types\/page"}],"author":[{"embeddable":true,"href":"https:\/\/weihnachtsfeier-planer.de\/wordpress\/wp-json\/wp\/v2\/users\/1"}],"replies":[{"embeddable":true,"href":"https:\/\/weihnachtsfeier-planer.de\/wordpress\/wp-json\/wp\/v2\/comments?post=335"}],"version-history":[{"count":8,"href":"https:\/\/weihnachtsfeier-planer.de\/wordpress\/wp-json\/wp\/v2\/pages\/335\/revisions"}],"predecessor-version":[{"id":707,"href":"https:\/\/weihnachtsfeier-planer.de\/wordpress\/wp-json\/wp\/v2\/pages\/335\/revisions\/707"}],"up":[{"embeddable":true,"href":"https:\/\/weihnachtsfeier-planer.de\/wordpress\/wp-json\/wp\/v2\/pages\/208"}],"wp:attachment":[{"href":"https:\/\/weihnachtsfeier-planer.de\/wordpress\/wp-json\/wp\/v2\/media?parent=335"}],"curies":[{"name":"wp","href":"https:\/\/api.w.org\/{rel}","templated":true}]}}