{"id":39,"date":"2013-07-30T10:47:31","date_gmt":"2013-07-30T08:47:31","guid":{"rendered":"http:\/\/weihnachtsfeier-planer.de\/wordpress\/?page_id=39"},"modified":"2014-11-10T15:14:05","modified_gmt":"2014-11-10T14:14:05","slug":"professionelle-weihnachtsfeier-planung-10-gute-gruende","status":"publish","type":"page","link":"https:\/\/weihnachtsfeier-planer.de\/wordpress\/professionelle-weihnachtsfeier-planung-10-gute-gruende\/","title":{"rendered":"professionelle Weihnachtsfeier Planung: 10 Gute Gr\u00fcnde"},"content":{"rendered":"<p><span style=\"color: #888888;\">Es existieren mindestens 10 Gute Gr\u00fcnde, warum Sie sich f\u00fcr die Weihnachtsfeier Planer entscheiden sollten (und nat\u00fcrlich noch unz\u00e4hlige Gr\u00fcnde mehr \ud83d\ude42 )!<\/span><\/p>\n<p><span style=\"color: #888888;\">Dauerstress, herumhetzen zwischen verschiedenen potentiellen Locations, unz\u00e4hlige Caterer testen, DJs und Bands ihrem K\u00f6nnen zuh\u00f6ren und sehen, Angebote vergleichen UND dabei \u201enebenbei\u201c ganz locker noch ihre eigentliche Arbeit erledigen \u2013 in einer Zeit nach den Ferien, wo es so oder so hektisch ist.\u00a0<\/span><\/p>\n<p><span style=\"color: #888888;\"><img loading=\"lazy\" class=\"size-medium wp-image-41 alignleft\" alt=\"professionelle-weihnachtsfeier-planung-10-gute-gruende\" src=\"https:\/\/weihnachtsfeier-planer.de\/wordpress\/wp-content\/uploads\/2013\/07\/professionelle-weihnachtsfeier-planung-10-gute-gruende-300x208.jpg\" width=\"229\" height=\"159\" srcset=\"https:\/\/weihnachtsfeier-planer.de\/wordpress\/wp-content\/uploads\/2013\/07\/professionelle-weihnachtsfeier-planung-10-gute-gruende-300x208.jpg 300w, https:\/\/weihnachtsfeier-planer.de\/wordpress\/wp-content\/uploads\/2013\/07\/professionelle-weihnachtsfeier-planung-10-gute-gruende.jpg 348w\" sizes=\"(max-width: 229px) 100vw, 229px\" \/>10 Gr\u00fcnde warum die \u201eWeihnachtsfeier Planer\u201c die richtige Entscheidung f\u00fcr Sie und Ihr Unternehmen sind:<\/span><\/p>\n<ol start=\"1\">\n<li><span style=\"color: #888888;\"><b>Die \u201eWeihnachtsfeier-Planer\u201c \u2013 \u201ealte\u201c Hasen im Gesch\u00e4ft<\/b><\/span><br \/>\n<span style=\"color: #888888;\"> \u00dcber eine Million betreute G\u00e4ste auf mehr als 1.000 Veranstaltungen seit \u00fcber 10 Jahren. Ihr Vorteil: umfassendes Know-How in <span style=\"text-decoration: underline;\">routinierter Eventplanung<\/span> und hohes Improvisationsgeschick. <img loading=\"lazy\" class=\" wp-image-530 alignright\" alt=\"weihnachtsfeier-planer-agentur-berlin-referenzen-2\" src=\"https:\/\/weihnachtsfeier-planer.de\/wordpress\/wp-content\/uploads\/2013\/07\/weihnachtsfeier-planer-agentur-berlin-referenzen-2-259x300.jpg\" width=\"155\" height=\"180\" srcset=\"https:\/\/weihnachtsfeier-planer.de\/wordpress\/wp-content\/uploads\/2013\/07\/weihnachtsfeier-planer-agentur-berlin-referenzen-2-259x300.jpg 259w, https:\/\/weihnachtsfeier-planer.de\/wordpress\/wp-content\/uploads\/2013\/07\/weihnachtsfeier-planer-agentur-berlin-referenzen-2.jpg 300w\" sizes=\"(max-width: 155px) 100vw, 155px\" \/>Wir k\u00fcmmern uns.<\/span><\/li>\n<\/ol>\n<ol start=\"2\">\n<li><span style=\"color: #888888;\"><b>Zeit ist kostbar!<\/b><\/span><br \/>\n<span style=\"color: #888888;\"> Wir wissen, dass Sie in der stressigen Weihnachts-Vorbereitungsphase keine Zeit f\u00fcr irgendwelche M\u00e4tzchen haben. Unser <b>Planungstreffen<\/b> erspart Ihnen zeitaufwendiges Recherchieren. Mit gezielten Fragen erfahren wir Ihre W\u00fcnsche und Vorstellungen. Die Basis f\u00fcr einmalig attraktive Angebote und passende Location-Vorschl\u00e4ge. Ihr Vorteil: Sie sparen Geld, Zeit und Nerven.<\/span><\/li>\n<\/ol>\n<ol start=\"3\">\n<li><span style=\"color: #888888;\"><b>So nah und doch so fern\u2026<\/b><\/span><br \/>\n<span style=\"color: #888888;\"> Umhergeirre durch Berlins City, um sich eine Weihnachtsfeier-Location anzusehen, die es nicht Wert ist? Nicht mit uns! In unseren B\u00fcros gibt es vorab einen virtuellen Rundgang. \u00a0Wir schlagen Ihnen die geeigneten Locations f\u00fcr Ihre W\u00fcnsche vor und haben nur einen Besichtigungstermin. Kommen sie in Frage, besichtigen wir sie vor Ort. So sparen Sie wertvolle Zeit.<\/span><\/li>\n<\/ol>\n<ol start=\"4\">\n<li><span style=\"color: #888888;\"><b>Wunschlos gl\u00fccklich!<\/b><\/span><br \/>\n<span style=\"color: #888888;\"> Perfekt abgestimmt auf Ihre W\u00fcnsche, schn\u00fcren wir Ihr individuelles <a title=\"Abiball Pakete\" href=\"http:\/\/www.abiball-planer.de\/abiball-pakete\/\"><span style=\"color: #888888;\">Weihnachsfeier-Paket<\/span><\/a> \u2013 mit einer extra gro\u00dfen Schleife versteht sich!<\/span><\/li>\n<\/ol>\n<ol start=\"5\">\n<li><span style=\"color: #888888;\"><b>Money, Money, Money<\/b><\/span><br \/>\n<span style=\"color: #888888;\"> Durch unsere jahrelangen Beziehungen zu Lieferanten, Caterern und anderen Partnern bekommen wir faire Preise. Ihr Budget und Sie profitieren davon, wir geben die Preise an Sie weiter!<\/span><\/li>\n<\/ol>\n<ol start=\"6\">\n<li><span style=\"color: #888888;\"><b>VIP<\/b><\/span><br \/>\n<span style=\"color: #888888;\"> Wir haben die Kontakte \u2013 Sie bekommen die \u201egoldene Eintrittskarte\u201c zu DEN <img loading=\"lazy\" class=\"size-medium wp-image-204 alignright\" title=\"Die Weihnachtsfeier Planer aus Berlin\" alt=\"LOGO_Weihnachtsfeier-Planer_5_kl\" src=\"https:\/\/weihnachtsfeier-planer.de\/wordpress\/wp-content\/uploads\/2013\/07\/LOGO_Weihnachtsfeier-Planer_5_kl-260x300.jpg\" width=\"260\" height=\"300\" srcset=\"https:\/\/weihnachtsfeier-planer.de\/wordpress\/wp-content\/uploads\/2013\/07\/LOGO_Weihnachtsfeier-Planer_5_kl-260x300.jpg 260w, https:\/\/weihnachtsfeier-planer.de\/wordpress\/wp-content\/uploads\/2013\/07\/LOGO_Weihnachtsfeier-Planer_5_kl-890x1024.jpg 890w, https:\/\/weihnachtsfeier-planer.de\/wordpress\/wp-content\/uploads\/2013\/07\/LOGO_Weihnachtsfeier-Planer_5_kl.jpg 1240w\" sizes=\"(max-width: 260px) 100vw, 260px\" \/>Locations in Berlin und Brandenburg. Wir haben zu jeder Location einen Draht, Sie somit eine Riesenauswahl an besonderen, angesagten Locations.<\/span><\/li>\n<\/ol>\n<ol start=\"7\">\n<li><span style=\"color: #888888;\"><b>Ideenlosigkeit?!<\/b><\/span><br \/>\n<span style=\"color: #888888;\"> Nicht mit uns! Wir haben unz\u00e4hlige Ideen f\u00fcr Ihre Weihnachtsfeier.\u00a0 Ob Programm, Location, Spiele oder Deko \u2013 wir machen Ihre Weihnachtsfeier zu einem Unikat, was genau auf Ihre W\u00fcnsche zugeschnitten ist!<\/span><\/li>\n<\/ol>\n<ol start=\"8\">\n<li><span style=\"color: #888888;\"><b>Wer zuerst kommt, mahlt zuerst.<\/b><\/span><br \/>\n<span style=\"color: #888888;\"> Aufgrund unserer Kontakte haben wir einen Bonus und die Buchungsanfragen der Weihnachtsfeier Planer werden bevorzugt behandelt. Ab Sp\u00e4tsommer geht die Rennerei nach den Locations los. Umso fr\u00fchzeitiger Sie uns beauftragen, desto bessere Chancen haben Sie auf ihre Traumlocation! Sie wissen ja: Wer zu sp\u00e4t kommt, den bestraft das Leben<\/span><\/li>\n<\/ol>\n<ol start=\"9\">\n<li><span style=\"color: #888888;\"><b>Pers\u00f6nlicher Assistent<\/b><\/span><br \/>\n<span style=\"color: #888888;\"> Ein Projektleiter wird Ihnen ganz allein zugeteilt. Er steht rund um die Uhr zur Verf\u00fcgung, ob telefonisch, per Mail oder pers\u00f6nlich. Wir k\u00fcmmern uns um Sie!<\/span><\/li>\n<\/ol>\n<ol start=\"10\">\n<li><span style=\"color: #888888;\"><b>Planungssoftware<\/b><\/span><br \/>\n<span style=\"color: #888888;\"> PEP-Event, ein Tool f\u00fcr die perfekte Veranstaltungsplanung. Ob Sitzplan oder Raum- und Dekogestaltung, diese Software zur professionellen Weihnachtsfeier Planung steht euch zur Verf\u00fcgung.<\/span><\/li>\n<\/ol>\n<p><span style=\"color: #888888;\">\u00a0<\/span><\/p>\n<p><span style=\"color: #888888;\">\u00a0<img loading=\"lazy\" class=\"alignnone size-medium wp-image-527\" alt=\"weihnachtsfeier-planer-agentur-berlin-referenzen-1\" src=\"https:\/\/weihnachtsfeier-planer.de\/wordpress\/wp-content\/uploads\/2013\/07\/weihnachtsfeier-planer-agentur-berlin-referenzen-1-300x215.jpg\" width=\"300\" height=\"215\" srcset=\"https:\/\/weihnachtsfeier-planer.de\/wordpress\/wp-content\/uploads\/2013\/07\/weihnachtsfeier-planer-agentur-berlin-referenzen-1-300x215.jpg 300w, https:\/\/weihnachtsfeier-planer.de\/wordpress\/wp-content\/uploads\/2013\/07\/weihnachtsfeier-planer-agentur-berlin-referenzen-1.jpg 333w\" sizes=\"(max-width: 300px) 100vw, 300px\" \/><\/span><\/p>\n<p><span style=\"color: #888888;\">\u00a0<\/span><\/p>\n<p><span style=\"color: #888888;\">\u00a0<div id=\"columnlayout875\" class=\"prinz_columnlayout\">\n<\/div>\n<\/span><\/p>\n","protected":false},"excerpt":{"rendered":"<p>Es existieren mindestens 10 Gute Gr\u00fcnde, warum Sie sich f\u00fcr die Weihnachtsfeier Planer entscheiden sollten (und nat\u00fcrlich noch unz\u00e4hlige Gr\u00fcnde mehr \ud83d\ude42 )! Dauerstress, herumhetzen zwischen verschiedenen potentiellen Locations, unz\u00e4hlige Caterer testen, DJs und Bands ihrem K\u00f6nnen zuh\u00f6ren und sehen, Angebote vergleichen UND dabei \u201enebenbei\u201c ganz locker noch ihre eigentliche Arbeit erledigen \u2013 in einer Zeit nach den Ferien, wo es so oder so hektisch ist.\u00a0 10 Gr\u00fcnde warum die \u201eWeihnachtsfeier Planer\u201c die richtige Entscheidung f\u00fcr Sie und Ihr Unternehmen sind: Die \u201eWeihnachtsfeier-Planer\u201c \u2013 \u201ealte\u201c Hasen im Gesch\u00e4ft \u00dcber eine Million betreute G\u00e4ste auf mehr als 1.000 Veranstaltungen seit \u00fcber 10 Jahren. Ihr Vorteil: umfassendes Know-How in routinierter Eventplanung und&#8230;<\/p>\n<p><a class=\"clear excerptmore button\" href=\"https:\/\/weihnachtsfeier-planer.de\/wordpress\/professionelle-weihnachtsfeier-planung-10-gute-gruende\/\">Weiterlesen&#8230; &raquo;<\/a><\/p>\n","protected":false},"author":1,"featured_media":0,"parent":0,"menu_order":0,"comment_status":"closed","ping_status":"closed","template":"tpl_fullwidth-page.php","meta":[],"yoast_head":"<!-- This site is optimized with the Yoast SEO plugin v19.8 - https:\/\/yoast.com\/wordpress\/plugins\/seo\/ -->\n<title>professionelle Weihnachtsfeier Planung, Eventplanung, 10 gute Gr\u00fcnde<\/title>\n<meta name=\"description\" content=\"Weihnachtsfeier Planer, 030 802087080, professionelle Weihnachtsfeier Planung aus Berlin, 10 gute Gr\u00fcnde f\u00fcr die professionelle Weihnachtsfeierplanung\" \/>\n<meta name=\"robots\" content=\"index, follow, max-snippet:-1, max-image-preview:large, max-video-preview:-1\" \/>\n<link rel=\"canonical\" href=\"https:\/\/weihnachtsfeier-planer.de\/wordpress\/professionelle-weihnachtsfeier-planung-10-gute-gruende\/\" \/>\n<meta property=\"og:locale\" content=\"de_DE\" \/>\n<meta property=\"og:type\" content=\"article\" \/>\n<meta property=\"og:title\" content=\"professionelle Weihnachtsfeier Planung, Eventplanung, 10 gute Gr\u00fcnde\" \/>\n<meta property=\"og:description\" content=\"Weihnachtsfeier Planer, 030 802087080, professionelle Weihnachtsfeier Planung aus Berlin, 10 gute Gr\u00fcnde f\u00fcr die professionelle Weihnachtsfeierplanung\" \/>\n<meta property=\"og:url\" content=\"https:\/\/weihnachtsfeier-planer.de\/wordpress\/professionelle-weihnachtsfeier-planung-10-gute-gruende\/\" \/>\n<meta property=\"og:site_name\" content=\"Weihnachtsfeier Planer Berlin\" \/>\n<meta property=\"article:modified_time\" content=\"2014-11-10T14:14:05+00:00\" \/>\n<meta property=\"og:image\" content=\"http:\/\/weihnachtsfeier-planer.de\/wordpress\/wp-content\/uploads\/2013\/07\/professionelle-weihnachtsfeier-planung-10-gute-gruende-300x208.jpg\" \/>\n<meta name=\"twitter:label1\" content=\"Gesch\u00e4tzte Lesezeit\" \/>\n\t<meta name=\"twitter:data1\" content=\"2\u00a0Minuten\" \/>\n<script type=\"application\/ld+json\" class=\"yoast-schema-graph\">{\"@context\":\"https:\/\/schema.org\",\"@graph\":[{\"@type\":\"WebPage\",\"@id\":\"https:\/\/weihnachtsfeier-planer.de\/wordpress\/professionelle-weihnachtsfeier-planung-10-gute-gruende\/\",\"url\":\"https:\/\/weihnachtsfeier-planer.de\/wordpress\/professionelle-weihnachtsfeier-planung-10-gute-gruende\/\",\"name\":\"professionelle Weihnachtsfeier Planung, Eventplanung, 10 gute Gr\u00fcnde\",\"isPartOf\":{\"@id\":\"https:\/\/weihnachtsfeier-planer.de\/wordpress\/#website\"},\"datePublished\":\"2013-07-30T08:47:31+00:00\",\"dateModified\":\"2014-11-10T14:14:05+00:00\",\"description\":\"Weihnachtsfeier Planer, 030 802087080, professionelle Weihnachtsfeier Planung aus Berlin, 10 gute Gr\u00fcnde f\u00fcr die professionelle Weihnachtsfeierplanung\",\"breadcrumb\":{\"@id\":\"https:\/\/weihnachtsfeier-planer.de\/wordpress\/professionelle-weihnachtsfeier-planung-10-gute-gruende\/#breadcrumb\"},\"inLanguage\":\"de\",\"potentialAction\":[{\"@type\":\"ReadAction\",\"target\":[\"https:\/\/weihnachtsfeier-planer.de\/wordpress\/professionelle-weihnachtsfeier-planung-10-gute-gruende\/\"]}]},{\"@type\":\"BreadcrumbList\",\"@id\":\"https:\/\/weihnachtsfeier-planer.de\/wordpress\/professionelle-weihnachtsfeier-planung-10-gute-gruende\/#breadcrumb\",\"itemListElement\":[{\"@type\":\"ListItem\",\"position\":1,\"name\":\"Startseite\",\"item\":\"https:\/\/weihnachtsfeier-planer.de\/wordpress\/\"},{\"@type\":\"ListItem\",\"position\":2,\"name\":\"professionelle Weihnachtsfeier Planung: 10 Gute Gr\u00fcnde\"}]},{\"@type\":\"WebSite\",\"@id\":\"https:\/\/weihnachtsfeier-planer.de\/wordpress\/#website\",\"url\":\"https:\/\/weihnachtsfeier-planer.de\/wordpress\/\",\"name\":\"Weihnachtsfeier Planer Berlin\",\"description\":\"Auf eine wunderbare Weihnachtsfeier in Berlin\",\"potentialAction\":[{\"@type\":\"SearchAction\",\"target\":{\"@type\":\"EntryPoint\",\"urlTemplate\":\"https:\/\/weihnachtsfeier-planer.de\/wordpress\/?s={search_term_string}\"},\"query-input\":\"required name=search_term_string\"}],\"inLanguage\":\"de\"}]}<\/script>\n<!-- \/ Yoast SEO plugin. -->","yoast_head_json":{"title":"professionelle Weihnachtsfeier Planung, Eventplanung, 10 gute Gr\u00fcnde","description":"Weihnachtsfeier Planer, 030 802087080, professionelle Weihnachtsfeier Planung aus Berlin, 10 gute Gr\u00fcnde f\u00fcr die professionelle Weihnachtsfeierplanung","robots":{"index":"index","follow":"follow","max-snippet":"max-snippet:-1","max-image-preview":"max-image-preview:large","max-video-preview":"max-video-preview:-1"},"canonical":"https:\/\/weihnachtsfeier-planer.de\/wordpress\/professionelle-weihnachtsfeier-planung-10-gute-gruende\/","og_locale":"de_DE","og_type":"article","og_title":"professionelle Weihnachtsfeier Planung, Eventplanung, 10 gute Gr\u00fcnde","og_description":"Weihnachtsfeier Planer, 030 802087080, professionelle Weihnachtsfeier Planung aus Berlin, 10 gute Gr\u00fcnde f\u00fcr die professionelle Weihnachtsfeierplanung","og_url":"https:\/\/weihnachtsfeier-planer.de\/wordpress\/professionelle-weihnachtsfeier-planung-10-gute-gruende\/","og_site_name":"Weihnachtsfeier Planer Berlin","article_modified_time":"2014-11-10T14:14:05+00:00","og_image":[{"url":"http:\/\/weihnachtsfeier-planer.de\/wordpress\/wp-content\/uploads\/2013\/07\/professionelle-weihnachtsfeier-planung-10-gute-gruende-300x208.jpg"}],"twitter_misc":{"Gesch\u00e4tzte Lesezeit":"2\u00a0Minuten"},"schema":{"@context":"https:\/\/schema.org","@graph":[{"@type":"WebPage","@id":"https:\/\/weihnachtsfeier-planer.de\/wordpress\/professionelle-weihnachtsfeier-planung-10-gute-gruende\/","url":"https:\/\/weihnachtsfeier-planer.de\/wordpress\/professionelle-weihnachtsfeier-planung-10-gute-gruende\/","name":"professionelle Weihnachtsfeier Planung, Eventplanung, 10 gute Gr\u00fcnde","isPartOf":{"@id":"https:\/\/weihnachtsfeier-planer.de\/wordpress\/#website"},"datePublished":"2013-07-30T08:47:31+00:00","dateModified":"2014-11-10T14:14:05+00:00","description":"Weihnachtsfeier Planer, 030 802087080, professionelle Weihnachtsfeier Planung aus Berlin, 10 gute Gr\u00fcnde f\u00fcr die professionelle Weihnachtsfeierplanung","breadcrumb":{"@id":"https:\/\/weihnachtsfeier-planer.de\/wordpress\/professionelle-weihnachtsfeier-planung-10-gute-gruende\/#breadcrumb"},"inLanguage":"de","potentialAction":[{"@type":"ReadAction","target":["https:\/\/weihnachtsfeier-planer.de\/wordpress\/professionelle-weihnachtsfeier-planung-10-gute-gruende\/"]}]},{"@type":"BreadcrumbList","@id":"https:\/\/weihnachtsfeier-planer.de\/wordpress\/professionelle-weihnachtsfeier-planung-10-gute-gruende\/#breadcrumb","itemListElement":[{"@type":"ListItem","position":1,"name":"Startseite","item":"https:\/\/weihnachtsfeier-planer.de\/wordpress\/"},{"@type":"ListItem","position":2,"name":"professionelle Weihnachtsfeier Planung: 10 Gute Gr\u00fcnde"}]},{"@type":"WebSite","@id":"https:\/\/weihnachtsfeier-planer.de\/wordpress\/#website","url":"https:\/\/weihnachtsfeier-planer.de\/wordpress\/","name":"Weihnachtsfeier Planer Berlin","description":"Auf eine wunderbare Weihnachtsfeier in Berlin","potentialAction":[{"@type":"SearchAction","target":{"@type":"EntryPoint","urlTemplate":"https:\/\/weihnachtsfeier-planer.de\/wordpress\/?s={search_term_string}"},"query-input":"required name=search_term_string"}],"inLanguage":"de"}]}},"_links":{"self":[{"href":"https:\/\/weihnachtsfeier-planer.de\/wordpress\/wp-json\/wp\/v2\/pages\/39"}],"collection":[{"href":"https:\/\/weihnachtsfeier-planer.de\/wordpress\/wp-json\/wp\/v2\/pages"}],"about":[{"href":"https:\/\/weihnachtsfeier-planer.de\/wordpress\/wp-json\/wp\/v2\/types\/page"}],"author":[{"embeddable":true,"href":"https:\/\/weihnachtsfeier-planer.de\/wordpress\/wp-json\/wp\/v2\/users\/1"}],"replies":[{"embeddable":true,"href":"https:\/\/weihnachtsfeier-planer.de\/wordpress\/wp-json\/wp\/v2\/comments?post=39"}],"version-history":[{"count":16,"href":"https:\/\/weihnachtsfeier-planer.de\/wordpress\/wp-json\/wp\/v2\/pages\/39\/revisions"}],"predecessor-version":[{"id":532,"href":"https:\/\/weihnachtsfeier-planer.de\/wordpress\/wp-json\/wp\/v2\/pages\/39\/revisions\/532"}],"wp:attachment":[{"href":"https:\/\/weihnachtsfeier-planer.de\/wordpress\/wp-json\/wp\/v2\/media?parent=39"}],"curies":[{"name":"wp","href":"https:\/\/api.w.org\/{rel}","templated":true}]}}